{"id":143,"date":"2012-05-14T01:54:27","date_gmt":"2012-05-14T01:54:27","guid":{"rendered":"http:\/\/www.studioelan.pl\/corporate\/?page_id=143"},"modified":"2014-03-13T16:17:10","modified_gmt":"2014-03-13T16:17:10","slug":"info","status":"publish","type":"page","link":"https:\/\/www.studioelan.pl\/corporate\/info\/","title":{"rendered":"info"},"content":{"rendered":"<p style=\"text-align: center;\"><strong>mobile: +48 608 431 961<\/strong><\/p>\n<p style=\"text-align: center;\"><strong>p.w.jasinski@studioelan.pl<\/strong><\/p>\n<p style=\"text-align: center;\">_ _ _ _ _ _ _ _ _ _ _ _ _ _ _ _ _ _<\/p>\n<p style=\"text-align: justify;\">Studioelan corporate to <strong>fotografia dla biznesu<\/strong>. Oferujemy profesjonalne us\u0142ugi fotograficzne dla wymagaj\u0105cych klient\u00f3w korporacyjnych i firm. Zakres us\u0142ug obejmuje mi\u0119dzy innymi <strong>fotografi\u0119 portretow\u0105, fotografi\u0119 architektury i wn\u0119trz, produktu<\/strong>, w tym zdj\u0119cia do raport\u00f3w rocznych, katalog\u00f3w i wszelkiego rodzaju materia\u0142\u00f3w informacyjnych i reklamowych, a tak\u017ce na wewn\u0119trzne potrzeby firm. Opr\u00f3cz portretu, nasz\u0105 specjalno\u015bci\u0105 jest <strong>reporta\u017c<\/strong>\u00a0 z wszelkiego rodzaju wydarze\u0144 od ma\u0142ych <strong>imprez firmowych<\/strong> po du\u017ce <strong>eventy i koncerty<\/strong>.<\/p>\n<p style=\"text-align: justify;\">Jednym z trudniejszych zada\u0144 fotografii korporacyjnej jest zobrazowanie unikalnego charakteru firmy, jej pracownik\u00f3w czy te\u017c idei i warto\u015bci kt\u00f3re reprezentuje, dlatego ka\u017cde zlecenie traktujemy indywidualnie. Staramy si\u0119 tworzy\u0107 obrazy najwy\u017cszej jako\u015bci, kt\u00f3re komponuj\u0105 si\u0119 z celami wyznaczonymi przez naszych klient\u00f3w &#8211; a my uzupe\u0142niamy je nasz\u0105 wiedz\u0105 i do\u015bwiadczeniem. Lubimy wyzwania i kr\u00f3tkie terminy: sprawiaj\u0105 \u017ce jeste\u015bmy coraz lepsi w tym co robimy.<\/p>\n<p style=\"text-align: justify;\">Zapraszamy do wsp\u00f3\u0142pracy.<\/p>\n<p style=\"text-align: center;\">_ _ _ _ _ _ _ _ _ _ _ _ _ _ _ _ _ _<\/p>\n<p style=\"text-align: justify;\">Studioelan corporate focuses on delivering high quality photography services for business. We offer a full range of services ranging from <strong>corporate portrait, interior and architecture photography<\/strong> as well as <strong>product<\/strong> photography, including imaging for <strong>annual reports, catalogues<\/strong> and all kinds of <strong>commercial and informational<\/strong> materials. Photojournalist-style <strong>event photography<\/strong> is our speciality.<\/p>\n<p style=\"text-align: justify;\">We believe that corporate photography should reflect the unique nature and character of our client, be that the company itself, teams of employees or the ideas and values they all represent. Therefore, we strive to approach each client on their own terms in order to picture their goals with our experience, knowledge and dedication to quality. We love challenges and we love deadlines, as they keep us getting better and better at what we love: photography.<\/p>\n<p style=\"text-align: justify;\">We are excited about working with you.<\/p>\n<p style=\"text-align: center;\">_ _ _ _ _ _ _ _ _ _ _ _ _ _ _ _ _ _<\/p>\n<p style=\"text-align: center;\">We have photographed for \/ fotografowali\u015bmy dla:<\/p>\n<p style=\"text-align: center;\">Enea Operator<\/p>\n<p style=\"text-align: center;\">Concordia<\/p>\n<p style=\"text-align: center;\">Stary Browar<\/p>\n<p style=\"text-align: center;\">Art Stations Foundation<\/p>\n<p style=\"text-align: center;\">Vichy<\/p>\n<p style=\"text-align: center;\">Fortis<\/p>\n<p style=\"text-align: center;\">Man\/Trans Poz<\/p>\n<p style=\"text-align: center;\">Pro Plast<\/p>\n<p style=\"text-align: center;\">Edinburgh Festival<\/p>\n<p style=\"text-align: center;\">Universitetet i Troms\u00f8<\/p>\n<p style=\"text-align: center;\">Utropia (news)<\/p>\n<p style=\"text-align: center;\">Appetite Direct<\/p>\n<p style=\"text-align: center;\">_ _ _ _ _ _ _ _ _ _ _ _ _ _ _ _ _ _ _ _ _ _ _ _ _ _ _ _ _ _ _ _ _ _ _ _ _ _ _ _<\/p>\n<p style=\"text-align: center;\"><strong>Studioelan | ul. G\u0142ogowska 31\/33 | 60-702 Pozna\u0144 | Poland<\/strong><\/p>\n<p style=\"text-align: center;\"><strong>mobile: +48 608 431 961<\/strong><\/p>\n<p style=\"text-align: center;\"><strong> NIP: 7671631530<br \/>\n<\/strong><\/p>\n<p style=\"text-align: center;\"><strong>REGON: 301886367<\/strong><\/p>\n<p style=\"text-align: center;\">_ _ _ _ _ _ _ _ _ _ _ _ _<\/p>\n<p style=\"text-align: center;\">Pracujemy na terenie ca\u0142ej Polski i Europy<\/p>\n<p style=\"text-align: center;\">We are based in Poznan, Poland<\/p>\n<p style=\"text-align: center;\">We will travel abroad if required<\/p>\n","protected":false},"excerpt":{"rendered":"<p>mobile: +48 608 431 961 p.w.jasinski@studioelan.pl _ _ _ _ _ _ _ _ _ _ _ _ _ _ _ _ _ _ Studioelan corporate to fotografia dla biznesu. Oferujemy profesjonalne us\u0142ugi fotograficzne dla wymagaj\u0105cych klient\u00f3w korporacyjnych i firm. Zakres us\u0142ug obejmuje mi\u0119dzy innymi fotografi\u0119 portretow\u0105, fotografi\u0119 architektury i wn\u0119trz, produktu, w tym zdj\u0119cia [&hellip;]<\/p>\n","protected":false},"author":1,"featured_media":0,"parent":0,"menu_order":0,"comment_status":"open","ping_status":"open","template":"page-full.php","meta":{"footnotes":""},"_links":{"self":[{"href":"https:\/\/www.studioelan.pl\/corporate\/wp-json\/wp\/v2\/pages\/143"}],"collection":[{"href":"https:\/\/www.studioelan.pl\/corporate\/wp-json\/wp\/v2\/pages"}],"about":[{"href":"https:\/\/www.studioelan.pl\/corporate\/wp-json\/wp\/v2\/types\/page"}],"author":[{"embeddable":true,"href":"https:\/\/www.studioelan.pl\/corporate\/wp-json\/wp\/v2\/users\/1"}],"replies":[{"embeddable":true,"href":"https:\/\/www.studioelan.pl\/corporate\/wp-json\/wp\/v2\/comments?post=143"}],"version-history":[{"count":24,"href":"https:\/\/www.studioelan.pl\/corporate\/wp-json\/wp\/v2\/pages\/143\/revisions"}],"predecessor-version":[{"id":146,"href":"https:\/\/www.studioelan.pl\/corporate\/wp-json\/wp\/v2\/pages\/143\/revisions\/146"}],"wp:attachment":[{"href":"https:\/\/www.studioelan.pl\/corporate\/wp-json\/wp\/v2\/media?parent=143"}],"curies":[{"name":"wp","href":"https:\/\/api.w.org\/{rel}","templated":true}]}}